{"id":403,"date":"2013-06-19T14:39:12","date_gmt":"2013-06-19T12:39:12","guid":{"rendered":"http:\/\/ebso.com\/web\/?page_id=403"},"modified":"2014-02-21T16:58:17","modified_gmt":"2014-02-21T15:58:17","slug":"leistungstransistoren","status":"publish","type":"page","link":"http:\/\/www.ebso.com\/web\/leistungen\/bauteilevorbereitung\/leistungstransistoren\/","title":{"rendered":"LEISTUNGSTRANSISTOREN"},"content":{"rendered":"<p><a class=\"button single-color text-bright size-large\" href=\"http:\/\/www.ebso.com\/web\/leistungen\/bauteilevorbereitung\/leistungstransistoren\/e-120\/\" id=\"sc_button_1\">E 120<\/a><style>#sc_button_1{color:#ffffff !important}<\/style>\u00a0<a class=\"button single-color text-bright size-large\" href=\"http:\/\/www.ebso.com\/web\/leistungen\/bauteilevorbereitung\/leistungstransistoren\/e-20-3\/\" id=\"sc_button_2\">E 20-3<\/a><style>#sc_button_2{color:#ffffff !important}<\/style> <a class=\"button single-color text-bright size-large\" href=\"http:\/\/www.ebso.com\/web\/leistungen\/bauteilevorbereitung\/leistungstransistoren\/e-200\/\" id=\"sc_button_3\">E 200<\/a><style>#sc_button_3{color:#ffffff !important}<\/style><\/p>\n<p><strong><a href=\"http:\/\/ebso.com\/web\/wp-content\/uploads\/2013\/06\/leist1.jpg\" data-rel=\"lightbox-gallery-58fq9PHT\" data-rl_title=\"\" data-rl_caption=\"\" title=\"\"><img decoding=\"async\" loading=\"lazy\" class=\"alignright size-full wp-image-404\" alt=\"leist1\" src=\"http:\/\/ebso.com\/web\/wp-content\/uploads\/2013\/06\/leist1.jpg\" width=\"35\" height=\"50\" \/><\/a>Leistungstransistoren und Gleichrichter<\/strong><\/p>\n<p>Zur Auswahl des geeigneten Ger\u00e4tes m\u00fcssen Sie unterscheiden nach<\/p>\n<p>&#8211; Losgr\u00f6\u00dfe (manuell, motorisiert)<br \/>\n&#8211; Zugentlastung<\/p>\n","protected":false},"excerpt":{"rendered":"<p>\u00a0 Leistungstransistoren und Gleichrichter Zur Auswahl des geeigneten Ger\u00e4tes m\u00fcssen Sie unterscheiden nach &#8211; Losgr\u00f6\u00dfe <a href=\"http:\/\/www.ebso.com\/web\/leistungen\/bauteilevorbereitung\/leistungstransistoren\/\">Read more<\/a><\/p>\n","protected":false},"author":2,"featured_media":0,"parent":260,"menu_order":0,"comment_status":"closed","ping_status":"open","template":"","meta":{"footnotes":""},"aioseo_notices":[],"_links":{"self":[{"href":"http:\/\/www.ebso.com\/web\/wp-json\/wp\/v2\/pages\/403"}],"collection":[{"href":"http:\/\/www.ebso.com\/web\/wp-json\/wp\/v2\/pages"}],"about":[{"href":"http:\/\/www.ebso.com\/web\/wp-json\/wp\/v2\/types\/page"}],"author":[{"embeddable":true,"href":"http:\/\/www.ebso.com\/web\/wp-json\/wp\/v2\/users\/2"}],"replies":[{"embeddable":true,"href":"http:\/\/www.ebso.com\/web\/wp-json\/wp\/v2\/comments?post=403"}],"version-history":[{"count":6,"href":"http:\/\/www.ebso.com\/web\/wp-json\/wp\/v2\/pages\/403\/revisions"}],"predecessor-version":[{"id":813,"href":"http:\/\/www.ebso.com\/web\/wp-json\/wp\/v2\/pages\/403\/revisions\/813"}],"up":[{"embeddable":true,"href":"http:\/\/www.ebso.com\/web\/wp-json\/wp\/v2\/pages\/260"}],"wp:attachment":[{"href":"http:\/\/www.ebso.com\/web\/wp-json\/wp\/v2\/media?parent=403"}],"curies":[{"name":"wp","href":"https:\/\/api.w.org\/{rel}","templated":true}]}}