{"id":392,"date":"2013-06-19T14:30:40","date_gmt":"2013-06-19T12:30:40","guid":{"rendered":"http:\/\/ebso.com\/web\/?page_id=392"},"modified":"2013-10-12T15:30:13","modified_gmt":"2013-10-12T13:30:13","slug":"a-75","status":"publish","type":"page","link":"http:\/\/www.ebso.com\/web\/leistungen\/bauteilevorbereitung\/radiale-bauteile\/a-75\/","title":{"rendered":"A 75"},"content":{"rendered":"<p><strong><a href=\"http:\/\/ebso.com\/web\/wp-content\/uploads\/2013\/06\/a075.jpg\" data-rel=\"lightbox-gallery-YbfKjeyB\" data-rl_title=\"\" data-rl_caption=\"\" title=\"\"><img decoding=\"async\" loading=\"lazy\" class=\"alignright size-full wp-image-393\" alt=\"a075\" src=\"http:\/\/ebso.com\/web\/wp-content\/uploads\/2013\/06\/a075.jpg\" width=\"150\" height=\"231\" \/><\/a>Richtautomat Typ A 075 Ri<\/strong><br \/>\n<em><strong>f\u00fcr integrierte Schaltkreise (IC)<\/strong><\/em><\/p>\n<table border=\"0\" cellspacing=\"0\" cellpadding=\"0\">\n<tbody>\n<tr>\n<td valign=\"top\"><span style=\"text-decoration: underline;\">Spezifikation:<\/span><\/td>\n<td valign=\"top\"><\/td>\n<td valign=\"top\">&nbsp;<\/td>\n<\/tr>\n<tr>\n<td valign=\"top\">&#8211; Ma\u00dfe:<\/td>\n<td valign=\"top\"><\/td>\n<td valign=\"top\">360 x 430 x 400 mm<\/td>\n<\/tr>\n<tr>\n<td valign=\"top\">&#8211; Gewicht:<\/td>\n<td valign=\"top\"><\/td>\n<td valign=\"top\">ca. 20 kg<\/td>\n<\/tr>\n<tr>\n<td valign=\"top\">&#8211; Anschlu\u00df:<\/td>\n<td valign=\"top\"><\/td>\n<td valign=\"top\">230 V \/ 50 Hz \/ 60 W<\/td>\n<\/tr>\n<tr>\n<td valign=\"top\">&#8211; Druckluft:<\/td>\n<td valign=\"top\"><\/td>\n<td valign=\"top\">6 bis 8 bar<\/td>\n<\/tr>\n<tr>\n<td valign=\"top\">&#8211; Min. Raster:<\/td>\n<td valign=\"top\"><\/td>\n<td valign=\"top\">7,62 mm<\/td>\n<\/tr>\n<tr>\n<td valign=\"top\">&#8211; Max. Raster:<\/td>\n<td valign=\"top\"><\/td>\n<td valign=\"top\">19,9 mm<\/td>\n<\/tr>\n<tr>\n<td valign=\"top\">&#8211; Bauteile:<\/td>\n<td valign=\"top\"><\/td>\n<td valign=\"top\">im Stangenmagazin<\/td>\n<\/tr>\n<tr>\n<td valign=\"top\">&#8211; Leistung:<\/td>\n<td valign=\"top\"><\/td>\n<td valign=\"top\">10.000 BE\/h stufenlos regelbar<\/td>\n<\/tr>\n<\/tbody>\n<\/table>\n<p><strong>Bauteilformen:<\/strong><\/p>\n<p><a href=\"http:\/\/ebso.com\/web\/wp-content\/uploads\/2013\/06\/zeichnung.gif\" data-rel=\"lightbox-gallery-YbfKjeyB\" data-rl_title=\"\" data-rl_caption=\"\" title=\"\"><img decoding=\"async\" loading=\"lazy\" class=\"alignnone size-full wp-image-394\" alt=\"zeichnung\" src=\"http:\/\/ebso.com\/web\/wp-content\/uploads\/2013\/06\/zeichnung.gif\" width=\"120\" height=\"24\" \/><\/a><\/p>\n<p><strong>Funktionsweise:<\/strong><\/p>\n<p>Der Richtautomat, Typ A 075 Ri verarbeitet integrierte Schaltkreise in einem Rasterma\u00df von 7,62 mm bis 19,9 mm. Die Bauteile werden dabei auf ein gew\u00fcnschtes L\u00e4ngenma\u00df geschnitten, und auf das voreingestellte Raster ausgerichtet. Das Rasterma\u00df kann \u00fcber eine digitale Anzeige voreingestellt werden.<\/p>\n<p>Das Bef\u00fcllen des Automaten geschieht ausschlie\u00dflich mit Stangenmagazinen. Im unteren Teil der Maschine wird dabei ein Leerstick eingef\u00fchrt, der die bearbeiteten Bauteile aufnimmt. Der Antrieb ist stufenlos regelbar und kann im Maximum bis zu 10.000 Bauteile pro Stunde verarbeiten.<\/p>\n","protected":false},"excerpt":{"rendered":"<p>Richtautomat Typ A 075 Ri f\u00fcr integrierte Schaltkreise (IC) Spezifikation: &nbsp; &#8211; Ma\u00dfe: 360 x <a href=\"http:\/\/www.ebso.com\/web\/leistungen\/bauteilevorbereitung\/radiale-bauteile\/a-75\/\">Read more<\/a><\/p>\n","protected":false},"author":2,"featured_media":0,"parent":316,"menu_order":0,"comment_status":"closed","ping_status":"open","template":"","meta":{"footnotes":""},"aioseo_notices":[],"_links":{"self":[{"href":"http:\/\/www.ebso.com\/web\/wp-json\/wp\/v2\/pages\/392"}],"collection":[{"href":"http:\/\/www.ebso.com\/web\/wp-json\/wp\/v2\/pages"}],"about":[{"href":"http:\/\/www.ebso.com\/web\/wp-json\/wp\/v2\/types\/page"}],"author":[{"embeddable":true,"href":"http:\/\/www.ebso.com\/web\/wp-json\/wp\/v2\/users\/2"}],"replies":[{"embeddable":true,"href":"http:\/\/www.ebso.com\/web\/wp-json\/wp\/v2\/comments?post=392"}],"version-history":[{"count":1,"href":"http:\/\/www.ebso.com\/web\/wp-json\/wp\/v2\/pages\/392\/revisions"}],"predecessor-version":[{"id":395,"href":"http:\/\/www.ebso.com\/web\/wp-json\/wp\/v2\/pages\/392\/revisions\/395"}],"up":[{"embeddable":true,"href":"http:\/\/www.ebso.com\/web\/wp-json\/wp\/v2\/pages\/316"}],"wp:attachment":[{"href":"http:\/\/www.ebso.com\/web\/wp-json\/wp\/v2\/media?parent=392"}],"curies":[{"name":"wp","href":"https:\/\/api.w.org\/{rel}","templated":true}]}}