{"id":288,"date":"2013-06-19T11:49:39","date_gmt":"2013-06-19T09:49:39","guid":{"rendered":"http:\/\/ebso.com\/web\/?page_id=288"},"modified":"2022-03-08T16:42:12","modified_gmt":"2022-03-08T15:42:12","slug":"e-400","status":"publish","type":"page","link":"http:\/\/www.ebso.com\/web\/leistungen\/bauteilevorbereitung\/axiale-bauteile\/e-400\/","title":{"rendered":"E 400"},"content":{"rendered":"<p><strong>EBSOMAT 400<img decoding=\"async\" loading=\"lazy\" class=\"wp-image-1148 size-medium alignright\" src=\"http:\/\/www.ebso.com\/web\/wp-content\/uploads\/2022\/03\/web_EBSO_E400M-292x300.jpg\" alt=\"\" width=\"292\" height=\"300\" srcset=\"http:\/\/www.ebso.com\/web\/wp-content\/uploads\/2022\/03\/web_EBSO_E400M-292x300.jpg 292w, http:\/\/www.ebso.com\/web\/wp-content\/uploads\/2022\/03\/web_EBSO_E400M.jpg 570w\" sizes=\"(max-width: 292px) 100vw, 292px\" \/><\/strong><br \/>\n<strong>Biege- und Schneideger\u00e4t f\u00fcr axiale Bauelemente<\/strong><br \/>\n<strong>Axial Trimmer\/Former<\/strong><\/p>\n<p><em>Manuelle Ausf\u00fchrung<\/em><br \/>\nDiese universell einsetzbare Maschine eignet sich zum Bearbeiten von axialen Bauteilen. Durch manuelle Bedienung kann eine Produktionsgeschwindigkeit von ca. 10.000 Bauteilen pro Stunde erreicht werden.<\/p>\n<p><em>Motor-Ausf\u00fchrung<\/em><br \/>\nUm noch rationeller Bauteile verarbeiten zu k\u00f6nnen, wird der EBSOMAT 400 mit einem Motorantrieb ausger\u00fcstet. Somit k\u00f6nnen Sie die Leistung au f 14.000 Bauteile pro Stunde erh\u00f6hen<\/p>\n<ul>\n<li>mechanische Belastung der Bauteile durch wechselseitiges Schneiden, Sicken und Biegen ausgeschlossen<\/li>\n<li>stufenloses Einstellen der Biegeeinheiten erm\u00f6glicht ein \u201e\u00dcberbiegen\u201c der Komponentendr\u00e4hte von mehr als 90\u00b0 bzw. 180\u00b0<\/li>\n<li>Biegeeinheiten sind mit Rollen ausger\u00fcstet, damit Bauteile beim Umbiegen nicht besch\u00e4digt werden<\/li>\n<li>Rasterma\u00dfe und L\u00e4nge der Anschlu\u00dfdr\u00e4hte stufenlos einstellbar<\/li>\n<li>bereits mit Standardausstattung ist Verarbeiten von Bauteilen in liegender oder stehender Ausf\u00fchrung m\u00f6glich<\/li>\n<li>stufenlose Geschwindigkeitseinstellung<\/li>\n<\/ul>\n<hr \/>\n<p><strong><img decoding=\"async\" loading=\"lazy\" class=\"wp-image-1149 size-medium alignleft\" src=\"http:\/\/www.ebso.com\/web\/wp-content\/uploads\/2022\/03\/web_Ebso-E400M-mit-Zufuehreinheit-e1646753819422-300x243.jpg\" alt=\"\" width=\"300\" height=\"243\" srcset=\"http:\/\/www.ebso.com\/web\/wp-content\/uploads\/2022\/03\/web_Ebso-E400M-mit-Zufuehreinheit-e1646753819422-300x243.jpg 300w, http:\/\/www.ebso.com\/web\/wp-content\/uploads\/2022\/03\/web_Ebso-E400M-mit-Zufuehreinheit-e1646753819422.jpg 399w\" sizes=\"(max-width: 300px) 100vw, 300px\" \/>Option: Handeinlegezuf\u00fchrung<\/strong><br \/>\n&#8211; Handeinlegevorrichtung zum Zuf\u00fchren von losen Bauteilen<br \/>\n&#8211; Einfache Montage und Bedienung der Zuf\u00fchrstation<br \/>\n&#8211; Es k\u00f6nnen bis zu 3.000 BE\/Std. zugef\u00fchrt werden<\/p>\n<hr \/>\n<p><strong><img decoding=\"async\" loading=\"lazy\" class=\"alignright size-full wp-image-293\" src=\"http:\/\/ebso.com\/web\/wp-content\/uploads\/2013\/06\/sw2.jpg\" alt=\"sw2\" width=\"250\" height=\"296\" \/>Option: Maschinentisch<\/strong><br \/>\n&#8211; Maschinentisch, stabile Stahlrohrkonstruktion mit Ablagetisch f\u00fcr Werkzeuge und Bauteile aus Kartonverpackung<br \/>\n&#8211; Befestigung f\u00fcr einen Abfallsack zur Aufnahme des Gurtbandes<br \/>\n&#8211; Der Restdraht wird separat aufgefangen und kann einfach recycelt werden<br \/>\n&#8211; Ablage f\u00fcr Werkzeuge und Zubeh\u00f6r<\/p>\n<hr \/>\n<p><strong>Spezifikationen<\/strong><\/p>\n<p><a href=\"http:\/\/ebso.com\/web\/wp-content\/uploads\/2013\/06\/e400spec_21.gif\" data-rel=\"lightbox-gallery-4YaKG2ua\" data-rl_title=\"\" data-rl_caption=\"\" title=\"\"><img decoding=\"async\" loading=\"lazy\" class=\"alignnone size-full wp-image-298\" src=\"http:\/\/ebso.com\/web\/wp-content\/uploads\/2013\/06\/e400spec_21.gif\" alt=\"e400spec_21\" width=\"245\" height=\"152\" \/><\/a> <a href=\"http:\/\/ebso.com\/web\/wp-content\/uploads\/2013\/06\/e400spec_12.gif\" data-rel=\"lightbox-gallery-4YaKG2ua\" data-rl_title=\"\" data-rl_caption=\"\" title=\"\"><img decoding=\"async\" loading=\"lazy\" class=\"alignnone size-full wp-image-297\" src=\"http:\/\/ebso.com\/web\/wp-content\/uploads\/2013\/06\/e400spec_12.gif\" alt=\"e400spec_12\" width=\"271\" height=\"167\" \/><\/a><\/p>\n<p><a href=\"http:\/\/ebso.com\/web\/wp-content\/uploads\/2013\/06\/e400spec_11.gif\" data-rel=\"lightbox-gallery-4YaKG2ua\" data-rl_title=\"\" data-rl_caption=\"\" title=\"\"><img decoding=\"async\" loading=\"lazy\" class=\"alignnone size-full wp-image-296\" src=\"http:\/\/ebso.com\/web\/wp-content\/uploads\/2013\/06\/e400spec_11.gif\" alt=\"e400spec_11\" width=\"237\" height=\"171\" \/><\/a> <a href=\"http:\/\/ebso.com\/web\/wp-content\/uploads\/2013\/06\/e400spec_22.gif\" data-rel=\"lightbox-gallery-4YaKG2ua\" data-rl_title=\"\" data-rl_caption=\"\" title=\"\"><img decoding=\"async\" loading=\"lazy\" class=\"alignnone size-full wp-image-295\" src=\"http:\/\/ebso.com\/web\/wp-content\/uploads\/2013\/06\/e400spec_22.gif\" alt=\"e400spec_22\" width=\"271\" height=\"185\" \/><\/a><\/p>\n<hr \/>\n<p><strong>Technische Daten<\/strong><\/p>\n<p>L\u00e4nge:\u00a0500 mm<\/p>\n<p>Breite:\u00a0300 mm<\/p>\n<p>H\u00f6he:\u00a0400 mm<\/p>\n<p>Gewicht:\u00a028 kg<\/p>\n<p>Rasterma\u00dfe:\u00a07,5 &#8211; 47 mm<\/p>\n<p>Durchmesser:\u00a00,4 &#8211; 0,8 mm<\/p>\n<p>Option:\u00a00,9 &#8211; 1,0 mm<\/p>\n<p>Motorantrieb<\/p>\n<p>Anschlu\u00df:\u00a0220V\/5OHz<\/p>\n<hr \/>\n<a class=\"button single-color text-bright add-tooltip size-medium\" href=\"http:\/\/ebso.com\/web\/wp-content\/uploads\/2013\/06\/ebsomat400-brochure.pdf\" target=\"_blank\" title=\"Download PDF\" id=\"sc_button_1\">Download EBSOMAT 400 Brosch\u00fcre<\/a><style>#sc_button_1{color:#ffffff !important}<\/style>\n<a class=\"button single-color text-bright add-tooltip size-medium\" href=\"http:\/\/ebso.com\/web\/wp-content\/uploads\/2013\/06\/E-400-Werkzeuge.pdf\" target=\"_blank\" title=\"Download PDF\" id=\"sc_button_2\">Download E-400-Werkzeuge Brosch\u00fcre<\/a><style>#sc_button_2{color:#ffffff !important}<\/style>\n","protected":false},"excerpt":{"rendered":"<p>EBSOMAT 400 Biege- und Schneideger\u00e4t f\u00fcr axiale Bauelemente Axial Trimmer\/Former Manuelle Ausf\u00fchrung Diese universell einsetzbare <a href=\"http:\/\/www.ebso.com\/web\/leistungen\/bauteilevorbereitung\/axiale-bauteile\/e-400\/\">Read more<\/a><\/p>\n","protected":false},"author":2,"featured_media":0,"parent":269,"menu_order":0,"comment_status":"closed","ping_status":"open","template":"","meta":{"footnotes":""},"aioseo_notices":[],"_links":{"self":[{"href":"http:\/\/www.ebso.com\/web\/wp-json\/wp\/v2\/pages\/288"}],"collection":[{"href":"http:\/\/www.ebso.com\/web\/wp-json\/wp\/v2\/pages"}],"about":[{"href":"http:\/\/www.ebso.com\/web\/wp-json\/wp\/v2\/types\/page"}],"author":[{"embeddable":true,"href":"http:\/\/www.ebso.com\/web\/wp-json\/wp\/v2\/users\/2"}],"replies":[{"embeddable":true,"href":"http:\/\/www.ebso.com\/web\/wp-json\/wp\/v2\/comments?post=288"}],"version-history":[{"count":8,"href":"http:\/\/www.ebso.com\/web\/wp-json\/wp\/v2\/pages\/288\/revisions"}],"predecessor-version":[{"id":1164,"href":"http:\/\/www.ebso.com\/web\/wp-json\/wp\/v2\/pages\/288\/revisions\/1164"}],"up":[{"embeddable":true,"href":"http:\/\/www.ebso.com\/web\/wp-json\/wp\/v2\/pages\/269"}],"wp:attachment":[{"href":"http:\/\/www.ebso.com\/web\/wp-json\/wp\/v2\/media?parent=288"}],"curies":[{"name":"wp","href":"https:\/\/api.w.org\/{rel}","templated":true}]}}