{"id":25,"date":"2013-06-18T15:40:57","date_gmt":"2013-06-18T13:40:57","guid":{"rendered":"http:\/\/ebso.com\/web\/?page_id=25"},"modified":"2013-06-18T15:43:30","modified_gmt":"2013-06-18T13:43:30","slug":"unternehmen","status":"publish","type":"page","link":"http:\/\/www.ebso.com\/web\/unternehmen\/","title":{"rendered":"UNTERNEHMEN"},"content":{"rendered":"<p><strong><a href=\"http:\/\/ebso.com\/web\/wp-content\/uploads\/2013\/06\/gebaude.jpg\" data-rel=\"lightbox-gallery-93nRAtVH\" data-rl_title=\"\" data-rl_caption=\"\" title=\"\"><img decoding=\"async\" loading=\"lazy\" class=\"alignright size-medium wp-image-28\" alt=\"gebaude\" src=\"http:\/\/ebso.com\/web\/wp-content\/uploads\/2013\/06\/gebaude-300x181.jpg\" width=\"300\" height=\"181\" srcset=\"http:\/\/www.ebso.com\/web\/wp-content\/uploads\/2013\/06\/gebaude-300x181.jpg 300w, http:\/\/www.ebso.com\/web\/wp-content\/uploads\/2013\/06\/gebaude.jpg 400w\" sizes=\"(max-width: 300px) 100vw, 300px\" \/><\/a>Unser T\u00e4tigkeitsfeld<\/strong><\/p>\n<p>Ebso entwickelt L\u00f6sungen zur Vorbereitung konventioneller Bauteile (THT) in der Elektronik und ist Systempartner rund um das selektive Miniwellenl\u00f6ten.<br \/>\nWir sind f\u00fcr unsere Kunden auf der ganzen Welt ein zuverl\u00e4ssiger Partner, wenn es um produktionstechnische Herausforderungen aus den oben genannten Bereichen geht.<\/p>\n<hr \/>\n<p><strong>Unsere Produkte<\/strong><\/p>\n<p>Wir bieten f\u00fcr alle bedrahteten Bauteile Automaten zur Vorbereitung an, egal ob Standard- oder Sonderformen ben\u00f6tigt werden.<br \/>\nDurch die Einf\u00fchrung der SMD-Technologie wurde den konventionell bedrahteten Bauteilen ein Gro\u00dfteil am Markt genommen. Doch die Entwicklung der Firma zeigt deutlich, dass die Durchstecktechnik, nicht wie vorausgesagt, durch die oberfl\u00e4chenmontierten Bauteile komplett abgel\u00f6st wird. Dort wo gen\u00fcgend Platz vorhanden ist und wo hohe Leistungen ben\u00f6tigt werden, wird die &#8222;konventionell bedrahtete Technik&#8220; immer noch eingesetzt. Dadurch bedingt und im Zuge einer immer h\u00f6heren Automatisierung und Produktionssicherheit, verdr\u00e4ngt das Selektivl\u00f6ten mehr und mehr den Wellenl\u00f6t-Prozess. Nicht nur eine Serienproduktion ist unser Ziel, auch viele kundenspezifische Anwendungen k\u00f6nnen in unserem Sondermaschinenbau realisiert werden.<\/p>\n<hr \/>\n<p><strong>Zielsetzung<\/strong><\/p>\n<p>Unsere Zielsetzung ist es, dem Kunden eine L\u00f6sung zu bieten, die in k\u00fcrzester Zeit zum Return of Invest f\u00fchrt. Beste Beratung vor und nach dem Kauf und w\u00e4hrend der Produkteinf\u00fchrung. Wir wollen bestehende Produkte im Dialog mit unseren Kunden verbessern und kompetenter Ansprechpartner sein, wenn es um L\u00f6sungen f\u00fcr den Prozess unserer Kunden geht.<\/p>\n","protected":false},"excerpt":{"rendered":"<p>Unser T\u00e4tigkeitsfeld Ebso entwickelt L\u00f6sungen zur Vorbereitung konventioneller Bauteile (THT) in der Elektronik und ist <a href=\"http:\/\/www.ebso.com\/web\/unternehmen\/\">Read more<\/a><\/p>\n","protected":false},"author":2,"featured_media":0,"parent":0,"menu_order":0,"comment_status":"closed","ping_status":"open","template":"","meta":{"footnotes":""},"aioseo_notices":[],"_links":{"self":[{"href":"http:\/\/www.ebso.com\/web\/wp-json\/wp\/v2\/pages\/25"}],"collection":[{"href":"http:\/\/www.ebso.com\/web\/wp-json\/wp\/v2\/pages"}],"about":[{"href":"http:\/\/www.ebso.com\/web\/wp-json\/wp\/v2\/types\/page"}],"author":[{"embeddable":true,"href":"http:\/\/www.ebso.com\/web\/wp-json\/wp\/v2\/users\/2"}],"replies":[{"embeddable":true,"href":"http:\/\/www.ebso.com\/web\/wp-json\/wp\/v2\/comments?post=25"}],"version-history":[{"count":3,"href":"http:\/\/www.ebso.com\/web\/wp-json\/wp\/v2\/pages\/25\/revisions"}],"predecessor-version":[{"id":30,"href":"http:\/\/www.ebso.com\/web\/wp-json\/wp\/v2\/pages\/25\/revisions\/30"}],"wp:attachment":[{"href":"http:\/\/www.ebso.com\/web\/wp-json\/wp\/v2\/media?parent=25"}],"curies":[{"name":"wp","href":"https:\/\/api.w.org\/{rel}","templated":true}]}}